12
Let y(n) = -n + 16. Let v be y(-5). What is the remainder when 11 is divided by 42/v + 0/(-2)?
1
Let w(r) = -5*r + 5*r**2 + 1 + 3*r + 3*r**3 - 4*r**3. Let h be 3/(20/(-70) + (-9)/(-7)). Calculate the remainder when w(h) is divided by 5.
3
Let o = 263 - 211. What is the remainder when o is divided by 9?
7
Let v = 65 - -119. What is the remainder when v is divided by 37?
36
Let t = 10177 + -9953. Calculate the remainder when t is divided by 3 + -1 - (-41 - 2).
44
Let m(f) = -5*f**2 - 4*f - 3. Let y be m(-3). Let c be (-8)/y - 75/(-27). Suppose 0 = -c*g + 2*g + 8. What is the remainder when 15 is divided by g?
7
Let g(i) = -3*i + 40. Let n be g(18). Let a = n - -20. What is the remainder when 23 is divided by a?
5
Let m(n) = -n + 10. Let s be m(-3). Let y = 7 + s. What is the remainder when 77 is divided by y?
17
Suppose 2*f - f - 4 = 0. Let l(d) = -d + 6. Let p be l(-33). Let w = p + -33. What is the remainder when w is divided by f?
2
Let r = 280 + -184. Let j = 9 - 5. Suppose -p - r = -j*p. Calculate the remainder when p is divided by 11.
10
Let x(w) = 33*w**3 - w**2. Let z = 1832 + -1815. Calculate the remainder when x(1) is divided by z.
15
Let h be (11/(-2))/(37/(-12) + 3). Let l = 92 - h. Calculate the remainder when 75 is divided by l.
23
Suppose 0 = -4*o - 5*w + 32, -3*o - 3*w = -0*o - 21. Calculate the remainder when 110 is divided by o.
2
Suppose -q - 1 = -2*q. Let a(t) = 5*t - q - 2 + 0 - 19. Calculate the remainder when a(16) is divided by 15.
13
Let r(h) = h**3 + 2*h**2 - 9*h + 8. Let x be r(-6). Calculate the remainder when x/(-5) + 14/(-35) is divided by 6.
4
Let k = 8 - 19. Let x = k - -11. Suppose x*r - 2*r = -12. Calculate the remainder when 21 is divided by r.
3
Let y(s) = 6*s**2 - 2*s + 1. Let l be y(2). Let x = l + 12. Suppose -6*o - 9 = -x. What is the remainder when 8 is divided by o?
0
Suppose 2*l = 2*y + 2*y + 1432, -y - l - 352 = 0. Let c(z) = 5*z + 11. What is the remainder when y/(-6)*(-9)/(-6) is divided by c(7)?
43
Suppose 0 = 2*o - 0*k - 3*k - 3, 0 = 5*o + k - 16. Suppose 0 = 3*y - o*x - 60, -112 = -5*y + x - 2*x. What is the remainder when 63 is divided by y?
19
Let k(u) = -u**2 - 9*u + 17. Let t be 6*2*6*5/(-40). Calculate the remainder when 80 is divided by k(t).
12
Suppose -4*j - l = 15, -3*j = -4*j + 3*l - 20. Let c(f) = -15*f + 3. Let p be c(j). Suppose p = 3*s + 9. What is the remainder when 89 is divided by s?
20
Let z be 30/((-4)/((-24)/(-9))). Let b = 99 - z. What is the remainder when b is divided by 12?
11
Suppose 0 = -5*t + 4*s + 7857, 3*s + 2 = 8. Calculate the remainder when 82 is divided by 4/(-14) + t/91.
14
Calculate the remainder when 211 is divided by (12*(-12)/(-40))/((-10)/(-575)).
4
Suppose 7*c = 15*c - 32. What is the remainder when 34 is divided by c?
2
Let j(x) be the second derivative of x**4/12 + x**3/2 + 5*x**2/2 + 4*x. Suppose 4*p - 102 + 42 = 0. What is the remainder when j(6) is divided by p?
14
Let o(j) = 37*j - 2. Let v be o(1). Let h = v + 21. What is the remainder when h is divided by 29?
27
What is the remainder when 89 is divided by ((-282)/(-4))/3 - 32/64?
20
Suppose -5*m + 2 = -0*t + 2*t, 0 = 2*t - 3*m - 34. Calculate the remainder when 6/(-14) + 2856/147 is divided by t.
8
Let m(g) = g**2 - 24. Let r(c) = -c**2 + 20*c - 19. Let a be r(19). Let h be m(a). What is the remainder when ((-7)/(-3))/(-1)*h is divided by 29?
27
Let d be ((9/(-27))/((-1)/(-9)))/(-1). Suppose 4*r + 41 = 5*r + d*c, -2*r - c + 107 = 0. Calculate the remainder when r is divided by 12.
8
Let a(t) = -t**3 + 7*t**2 + t - 2. Let c be a(6). Suppose g + 4*g + c = 0. Calculate the remainder when 33 is divided by 2/(-8) + (-74)/g.
6
Let v be 6/9 + (-2)/3. Suppose 6*q - 154 + 34 = v. What is the remainder when 78 is divided by q?
18
Suppose 8*v = v + 7994. Calculate the remainder when v is divided by 104.
102
Let m = -1034 - -1147. What is the remainder when m is divided by ((-6)/(-4)*16)/1?
17
Let q = 3 + -2. Let y(n) = 2*n**2 + 4*n - 4. Suppose -5*d + 5 = -5*r + 2*r, -3*r + 3 = 3*d. Calculate the remainder when y(d) is divided by q.
0
Let w be (-8)/52 + (-4)/(-26). Let h = w + 33. Let g = 17 + -5. Calculate the remainder when h is divided by g.
9
Let s(m) = -12*m**3 - 3*m**2 + 3. Let o be s(-2). Calculate the remainder when (-4)/((-4)/o) - 2 is divided by 29.
27
Let c(t) be the first derivative of t**4/4 + t**3 - 3*t**2/2 - 4*t - 3. Let b = -36 + 43. What is the remainder when b is divided by c(-3)?
2
Suppose 0 = -3*x - 2*j + 45, 5*x - 4*j - 68 = -5*j. Let h be (x + 2)*(-20)/15. What is the remainder when (-168)/h*(4 + 1) is divided by 11?
9
Let u(a) = 5*a - 2. Let x be u(9). Let v = -11 + x. Calculate the remainder when 126 is divided by v.
30
Suppose 0 = 4*m - 0*m - 3*p - 238, -5*m - 4*p = -282. Let o = m - 33. Calculate the remainder when 68 is divided by o.
18
Let c(s) = 27*s + 630. What is the remainder when c(-20) is divided by 40?
10
Let q = 326 - 283. What is the remainder when 125 is divided by q?
39
Calculate the remainder when ((-8)/(-22))/((-2)/(-473)) is divided by 41.
4
Let c(d) = -2*d + 1347. What is the remainder when c(0) is divided by 90?
87
Suppose 0 = 4*k + 5*s - 191 + 42, 0 = 2*k - 5*s - 67. What is the remainder when 103 is divided by k?
31
Let a = -1951 + 2286. Calculate the remainder when a is divided by 28.
27
Let i be 40/(-22) + 2 - 9558/(-66). Suppose 49 - i = -2*w. What is the remainder when 95 is divided by w?
47
Let y(m) = m**2 + 14*m + 87. What is the remainder when y(-7) is divided by 21?
17
Suppose 54 + 42 = 32*t. Suppose -3*q + 9 = -0*q. What is the remainder when t is divided by q?
0
Suppose 0*p - 130 = -5*p. Let s = -87 + 102. Calculate the remainder when p is divided by (-9)/s*-1 + 268/20.
12
Let r = 13970 + -13918. Suppose -d = d + 3*b - 294, 2*d = 5*b + 326. What is the remainder when d is divided by r?
49
Let c(o) = -2*o + 94. Calculate the remainder when 2013 is divided by c(-16).
123
Let j(w) = -w + 2. Let h = -16 - -10. Let p be j(h). Suppose -40 = 3*o - p*o. What is the remainder when 15 is divided by o?
7
Let i(g) = 16*g - 763. Let c(d) = -3*d**3 + d**2 + d - 2. Calculate the remainder when i(55) is divided by c(-2).
21
Suppose -5*y - 3022 + 4352 = 0. What is the remainder when y is divided by 54?
50
Let h = 164 + -105. What is the remainder when h is divided by 15?
14
Let j(m) = -84 + m + m**2 - 3*m + 48*m**3 + 85 + m**2. What is the remainder when j(1) is divided by 11?
5
Let a(l) = l**2 + 3*l. Let j(r) = 13*r + 2. Calculate the remainder when a(-11) is divided by j(1).
13
Let u(i) = -i**3 + 27*i**2 - 28*i + 65. What is the remainder when 1154 is divided by u(26)?
10
Let v(b) = 66*b**2 + 10*b + 2. What is the remainder when v(-2) is divided by 62?
60
Let c(q) = -q**3 - 6*q**2 - 6*q - 7. Let m be c(-5). Let r(h) = -h**2 + 25*h + 157. What is the remainder when r(30) is divided by (1 + m)*-4 - 2?
1
Suppose -s = 3*l - 335, 3*s + 115 = 4*l - 3*l. Calculate the remainder when l is divided by 26.
8
Let x = -2 + 4. Suppose -x*c - 3*k + 69 = 0, -3*c - 4*k = -6*c + 78. What is the remainder when c is divided by -3 + 7 - (-10 + -2)?
14
Let a = 16 - 14. Let j(t) = t + 7 - 3*t + 0*t - 11*t + 2*t**a. What is the remainder when j(7) is divided by 4?
2
Let t(u) = -30*u**3 - u**2 + 16*u + 33. Calculate the remainder when t(-2) is divided by 110.
17
Let d = -274 - -398. Suppose 58 = 7*g - d. What is the remainder when g is divided by 3?
2
Suppose 87 = -3*o + 6*o. What is the remainder when o is divided by 8?
5
Let v = -759 - -807. Calculate the remainder when 137 is divided by v.
41
Let z(s) = -8*s - 34. What is the remainder when 35 is divided by z(-5)?
5
Let z = -201 - -229. What is the remainder when 73 is divided by z?
17
Let n(t) = 8*t + 44. What is the remainder when 57 is divided by n(-5)?
1
Calculate the remainder when 112 is divided by 12/18*285/10.
17
Let w(m) = -31*m + 9 + 0 + 5 + 2*m**2 - 1. Calculate the remainder when w(16) is divided by 16.
13
Let w(h) = h**2 - h - 12. Let q be w(7). Suppose m = 5*n + q, 35 = 2*m - 4*n - 13. Let a = 245 - 168. What is the remainder when a is divided by m?
17
Let d = -18 + 37. Let l(c) = -8*c + 8. What is the remainder when l(-6) is divided by d*(-5)/(-5 - 0)?
18
Suppose -5*m + 5*q + 2245 = 0, 0*q + 1793 = 4*m - 3*q. What is t